 -1) + (-1 + 12 - (0 + 11)).
-19
What is -8 + (-44 - -30) + 2 + 31?
11
What is the value of (-23 + (-10 - -21) - -4 - -8) + -22?
-22
Calculate -9 + 4 - ((0 - -2) + -2 + 3).
-8
What is the value of 30 + (32 - 12) - 23?
27
Calculate (-1 - -5) + 0 + -3 + 12.
13
What is 19 + -14 + (-24 - -38)?
19
Evaluate 17 - (7 - (3 + 4 - 6)).
11
-12 - (-42 + 15) - 10
5
-22 + 6 + (-85 - -126)
25
Calculate (174 + -189 - (-1 - (7 - -1))) + 11.
5
Calculate 12 + 1 - (-39 + 35 + 12).
5
(3 - (6 + -7)) + 5 + (-7 - -9)
11
Evaluate (-71 - -54 - (-26 + -1)) + (-35 - -2).
-23
What is the value of -4 - ((0 - 10) + (-38 - -30))?
14
3 - ((13 - 8) + -3)
1
What is the value of (-1 + -5 + 5 - 2) + 11?
8
(-35 - -18) + -3 + -4
-24
Calculate 3 + ((-6 - -7) + -1 - 9).
-6
Calculate (0 - -10) + (14 - (-7 - (-9 + -7))).
15
Calculate 7 - (-26 + 51 + -31).
13
-81 + 83 - (-1 - 4)
7
Evaluate (1 + -1 - 9) + 5 + 30.
26
What is -3 - (4 - (0 - (0 - 7)))?
0
Evaluate -3 - -3 - (9 + 31 + -28).
-12
What is the value of -163 - -156 - (-18 - 3)?
14
(38 - -4) + (-126 - -121)
37
What is (50 - 8) + -16 + 3?
29
What is the value of 38 + -42 - (6 + 7 + 2)?
-19
What is the value of -2 + -12 + (10 - -11 - 7)?
0
Evaluate -14 + (1 - -9) + 9 + -5.
0
-8 - (11 + -9) - -22
12
Calculate (-6 - -10 - -7) + 4 - 3.
12
What is 99 + -92 + -4 + 0 - (2 + 4)?
-3
Evaluate 4 + -16 + (8 - (51 - 26)).
-29
What is the value of (-14 - -2) + (517 - 500)?
5
What is (1 - 5) + 1 - (770 + -778)?
5
What is -130 - -29 - -65 - (0 - 7)?
-29
Calculate -1 + 1 - (428 + -394).
-34
What is 41 - (14 - -1 - -9)?
17
What is the value of -36 - -55 - (3 - -20)?
-4
What is the value of -35 + (-66 - -31) + 70?
0
What is (6 - -1) + 20 - 18?
9
Evaluate (-36 - -36 - 43) + 15.
-28
2 + 5 + (9 - 23)
-7
What is 14 - (7 - (-9 + 16)) - 7?
7
What is -22 + -11 + (0 - -28)?
-5
What is the value of -31 + 59 - (-2 - -42)?
-12
Evaluate -6 - (14 + 1 + -13).
-8
What is -11 - -15 - (18 + -3 + -6)?
-5
Calculate (8 - (-3 - (6 - 12))) + -3 - 7.
-5
What is 7 + -11 + -8 + 1 - -4?
-7
(1 - (4 + (3 - 2))) + 8
4
What is 310 + -368 + (29 - -2)?
-27
5 + (-3 - -1) + (-80 - -82)
5
What is the value of (-2 - (2 - (-7 + 7))) + -7?
-11
Evaluate (-130 - -145) + 3 + -4.
14
Calculate 8 + 8 - (10 - 5).
11
Calculate -8 + 9 + -9 - (-4 + 5 + -3).
-6
(0 + 1 - 2) + (-15 - 9 - -34)
9
What is -5 - (23 + -22 + -21)?
15
-7 + 0 + -7 + 22 - 13
-5
What is the value of -22 + 26 + -12 - -11?
3
Evaluate -9 - (10 - (27 + -1)).
7
Calculate (6 - (-4 - (7 - 8))) + -31 - -7.
-15
Evaluate (5 - -17) + -11 + 2.
13
What is -7 + -3 + 6 - (13 - 15)?
-2
Evaluate -8 + (-6 - (3 - 19) - 6) + 2.
-2
Evaluate -2 + (-2 - -1) + (543 - 538) + -7.
-5
What is the value of (1 - 7) + 949 + -943?
0
(2 - 14) + -71 + 81
-2
What is (-1 - -38) + (-36 - -26)?
27
Calculate 1 + 2 - 4 - (-4 + 2 + 15).
-14
-9 - (22 - 2 - 8) - (-3 + -1)
-17
What is the value of (-11 - 5) + (6 - 1)?
-11
8 + -6 + 8 + -5 + 14
19
Calculate (-3 + 19 + -1 - -5) + (0 - 6).
14
What is the value of 17 - (11 + 35 - 23)?
-6
-11 + 3 + 0 - ((-48 - -8) + 14)
18
-5 - (3 - 19) - (46 + -1)
-34
(3 - -18) + 4 + (-23 - (-18 - -10))
10
What is (-3 - (-5 - 4)) + -13 + 3?
-4
What is the value of -7 + -5 + (16 - (-10 + 23))?
-9
-214 + 211 - (1 + -19)
15
Calculate (-8 - (-24 + 15)) + (-5 - 2) + 11.
5
What is the value of -18 + -30 + 0 + 50?
2
What is the value of -4 + 10 + -4 - (-27 - 0)?
29
-40 - (-25 - (-33 + 14)) - 0
-34
What is -16 + 19 + -6 - -16?
13
Evaluate (-4 - -12) + (-15 - 14 - 11 - -4).
-28
(340 - 350) + -6 + 0
-16
Calculate 1 + -1 + (-4 - -15 - 5) + 12.
18
Calculate 5 - (9 - (6 + -6)) - 1.
-5
Calculate 10 - ((-137 - -133) + (3 - (0 - 3))).
8
-6 - (1 + 17 + -48)
24
What is the value of (-43 - (24 + (-23 - 28))) + (1 - 5)?
-20
(11 - 16) + 15 - (13 + -2 + 0)
-1
Evaluate 0 - (-3 + 2 + -8 + 7 + -2).
4
What is 7 - (20 - (5 + -9 + -3))?
-20
Evaluate 6 - ((-1 - 3) + 48 + -50).
12
0 + -9 - (72 + -36 - 32)
-13
Evaluate -3 - (0 + -7 + 7 - -17).
-20
What is (-21 - -19) + (-11 - 15) + 2 + -3?
-29
What is -10 + -12 - 10 - -36?
4
Calculate (-3 - (1 + -2)) + -7 + (-998 - -995).
-12
Evaluate 3 + -15 - 8 - (11 + -71).
40
3 - (498 + -514 - (0 - (-1 + 2)))
18
What is 5 + -2 + 7 + (-3 - (-1 - 1))?
9
What is 2 + -8 + 15 + 0?
9
Calculate -28 + (88 - 53) + (1 - -1) + -1.
8
11 + (9 - (17 + 9 + -3))
-3
Evaluate (-4 - -2 - -18 - 5) + 5.
16
Calculate (-1 - -8) + -2 - (3 + 16 - 0).
-14
Evaluate -13 + 2 + (6 - -3) + -17.
-19
What is -6 + -4 + -15 + -10 + 12 + -11?
-34
2 + (12 - 2) + -15
-3
What is (4 - (3 + (0 - 2))) + 108 + -106?
5
Calculate -7 + 3 + 30 + (16 - 20).
22
What is the value of (21 - 2) + -11 + (1 - 1) + 10?
18
What is the value of (6 - -1) + -17 - (1 - 8)?
-3
Calculate (6 - 4) + -17 + 52 + -23.
14
What is the value of 5 - (4 + 5) - 0 - -5?
1
Calculate 10 - 9 - (3 + -2 - (4 - -7)).
11
What is the value of 36 - (-40 + (113 - 12))?
-25
Calculate -1 + -4 + (-8 - (0 - 1)).
-12
What is -3 - ((0 - 0) + -3 + (-1 - 0))?
1
Calculate -2 - (-16 - (-10 + -2)) - 18.
-16
Evaluate -1 + 18 - 4 - 2.
11
Evaluate -20 + 14 - (43 - 27).
-22
Evaluate 83 - 88 - (11 + 4).
-20
What is the value of 22 - (0 - -14) - (20 - 0)?
-12
Calculate -18 + -2 + (1 - -7) - (-6 - -3).
-9
What is the value of -2 + (1 - 3) + -4 - (5 + -5)?
-8
What is -2 + 8 - (-21 - -9 - -17)?
1
(-59 - -65) + 8 + -8 + 1
7
Evaluate -11 - (25 - 18 - 33) - 37.
-22
Evaluate 1 - (1 + 2) - 2 - (-4 + 1).
-1
(2 - -5) + -3 + -18 + 22
8
What is the value of 8 - (-10 + -7 + 11) - (6 - -1)?
7
What is the value of (-42 - -13) + 31 - -10?
12
-14 + 23 - (0 - -5) - (8 - 1)
-3
Evaluate 18 - ((22 - 23) + 17).
2
What is (6 - 3) + 5 - (-15 - (-6 + -10))?
7
-6 - (1 + (-28 - (0 + -2))) - 6
13
(-10 - -2) + 10 - -4 - 7 - 20
-21
Calculate -24 - (-46 - -36) - (18 + -4).
-28
Evaluate -3 + -18 - -24 - 5.
-2
0 + 0 + (-7 - (-18 - -12 - -5))
-6
Evaluate 0 - (1 - (6 - 3)) - (-2 + 0).
4
Evaluate 27 + -30 + (-14 - -1 - -5).
-11
Calculate 1 + -5 - (-6 - -2) - 6.
-6
What is the value of 3 + (3 - (1 + 6 - 2))?
1
Evaluate (2 - (-4 + -4)) + (5 + -8 - -3).
10
Calculate 10 - (-7 - -7 - -3) - 4.
3
Evaluate 11 - (-30 + 46 + -18).
13
What is the value of (1 - (-17 + 10)) + -4 - -14?
18
Evaluate (-15 + 11 - -2) + -13.
-15
Evaluate -2 - (-7 - (-15 - -2)).
-8
What is the value of 25 + (-11 - (7 - 3)) + (5 - -2)?
17
(10 - (-15 - -31) - -8) + (0 - -21)
23
What is 5 - (-7 + (22 - (-8 + 10))) - 0?
-8
What is -1 + (-6 - (1 + 2)) - -4?
-6
Evaluate (61 - 33 - (2 + -6)) + 3 - 1.
34
Calculate 14 + -3 + (10 - 22) + (0 - 1).
-2
6 + (1 - 2) + -9 + 4 - 2
-2
Evaluate -21 - -9 - (12 + -18).
-6
What is 1 - -23 - (-78 + 90)?
12
Calculate (68 - 42) + (-4 - 2) + -2.
18
Evaluate -1 + (2 - 3) + (9 - 8).
-1
Calculate -1 + 8 + 9 + -12 + 9.
13
Calculate (2 - 3) + (1 - -3) - (-20 - -25).
-2
Calculate 47 - (18 + (-3 + 3 - 10)) - 2.
37
-13 + (-17 - (13 - 36))
-7
What is the value of 14 + (-20 - -9 - 1) + -12?
-10
What is the value of 34 + -55 + 26 + -18?
-13
(-1428 - -1401) + (0 + 0 + 1 - -7)
-19
What is the value of 38 - (26 - (25 + -67))?
-30
-76 + 94 - 13 - (-16 - 0)
21
Calculate 0 + (-9 - 2 - (-42 - -43)).
-12
0 - 30 - (2060 + -2093)
3
(8 + 3 + -9 - 3) + -8
-9
What is the value of (0 + 4 - 1) + 61 + -77 + 24?
11
What is -4 + (17 + -8 + -2 - (7 + 3))?
-7
(-4 - -1 - -13) + 44 + -19
35
What is the value of 12 - (-31 + 22 - (1 + -13))?
9
Calculate -7 - (-14 - 2) - (-3 - -10).
2
What is the value of (4 - (-3 + 5 + (3 - 0))) + 21?
20
Calculate (41 - -22) + -66 + (1 + -2 - -24).
20
-14 - (10 - (6 + 5))
-13
What is the value of (-23 - 1) + (-431 - -472)?
17
Evaluate (8 - 10) + 10 + -7 - 7.
-6
What is 38 - -5 - (19 + 9)?
15
Evaluate 13 + (12 + -6 - 10).
9
Evaluate (72 - (14 - -12)) + -48.
-2
Calculate -11 - ((17 - 12) + -34).
18
Calculate 138 - 138 - (-4 - -22).
-18
15 - ((-121 + 126 - (0 + 5)) + -2)
17
What is (26 - 25 - -10) + -27?
-16
Calculate 8 + 0 - (-21 + -74 - -90).
13
What is the value of 20 - (23 - 50 - -30)?
17
Calculate (0 - 1) + -47 + 50 + 15.
17
Evaluate (3 - 10) + 18 + -16 + 4 + -15.
-16
What is the value of (-2 - 5) + (1 - -24) - 10?
8
What is the value of 32 + -1 - (-98 + 114)?
15
4 + (-14 - -5 - -9) - 2
2
Calculate -6 + (5 + -3 + 0 - (3 + 3)).
-10
What is the value of -10 + (14 - 1) - (18 + -4 + -1)?
-10
What is the value of 6 + -4 + (3 - -4) + -11 - -20?
18
What is 988 - 988 - (-12 + -1 - 0)?